4
Evaluate 17 + -24 + -4 + 3 + -3.
-11
What is the value of 5 - (13 - (3 - (-3 - -1)))?
-3
1 + 2 + 6 + -3 + -9
-3
Evaluate 6 + -1 + -2 + -3.
0
3 - -2 - (-5 + 8)
2
What is the value of 1 - 0 - (177 + -172)?
-4
What is the value of 3 + -9 + (2 - -4)?
0
What is -6 - (-1 + -6 + 2)?
-1
What is -2 + 6 - (6 + -2)?
0
Calculate (57 - 42) + (0 - 7).
8
What is the value of (-22 - -27) + (-1 - (2 - -2))?
0
What is the value of 27 + -19 - (1 + 2)?
5
What is 6 + (-2 - (3 - 4))?
5
Evaluate -8 + (-3 - (-6 - -3 - 3)).
-5
What is -5 + 9 + (2 - 1)?
5
What is -3 + (-35 + 39 - (0 - -3))?
-2
What is -9 + 7 + (-8 - -5)?
-5
Calculate -5 - (-8 + (5 - 1)).
-1
Calculate -15 + 3 + 14 + -10.
-8
What is 0 - 11 - (6 - 1 - 5)?
-11
-10 + 7 - -23 - 11
9
What is the value of (5 - (-3 - -5)) + -1?
2
Calculate -1 + (1 + 0 - (-6 - -10)).
-4
Calculate -2 - (-13 + 6 - 1).
6
What is the value of -2 + -1 + 1 + 6 - 2?
2
What is the value of -4 - (-15 - (-6 - 1))?
4
What is the value of -1 - ((2 - 0) + -8)?
5
1 - (-2 - (-7 + 9))
5
Calculate (5 - 2) + (-6 + 2 - 1).
-2
What is the value of (2 - 2 - -6) + -34 + 21?
-7
Evaluate 4 + 1 + -9 + 3 + 8.
7
What is (-4 - -5 - -2) + (-5 - 1)?
-3
Calculate 9 + (13 - (22 - 5)).
5
Evaluate (3 - -2) + (-24 - -17).
-2
Calculate 0 - 5 - (-1 + 4 + -7).
-1
-4 + -1 + 0 - (8 - 20)
7
What is the value of -24 - -20 - (-8 - -2)?
2
What is (-3 - -4 - 2) + (-1 - -2)?
0
-3 + (-4 - -11) + (1 - -1)
6
Evaluate 7 + -4 + -6 - (1 + 1).
-5
Evaluate -2 + 2 + (-1 - (-4 + 7)).
-4
Evaluate -4 + 9 + (5 - 6).
4
Evaluate 5 - (-3 + 8 - 4).
4
What is -2 + -3 + (1 - (2 + -1))?
-5
Calculate 0 - (9 + -8 + 7 + -3).
-5
What is 0 + -3 + 2 + (-1 - -9)?
7
(-4 - -10) + -12 - (1 + -3)
-4
87 - 78 - (-2 + 10)
1
Calculate 8 + (2 - (6 - -1)).
3
What is the value of 46 + -40 + (0 - -1)?
7
-8 - (0 - (1 - -6))
-1
Evaluate 6 - (5 - (7 - 4)).
4
What is the value of -2 + 1 + (-1 - 3)?
-5
Calculate (3 + -7 - -1) + 2 + 0.
-1
What is the value of 76 + -87 - (-13 - 0)?
2
Calculate (5 - -1 - (3 + -3)) + -1.
5
1 - ((3 - 18) + 7)
9
Evaluate 0 + -5 + -1 + 2 + 1.
-3
What is the value of 5 - 7 - (-7 + 6)?
-1
What is 2 - (2 - (-3 - -1))?
-2
What is the value of (3 - -5) + -9 + 2?
1
Evaluate 3 + (-8 - 3) + 4.
-4
-35 + 36 - (5 + -11)
7
Calculate 0 + 2 - 5 - (123 - 134).
8
(-4 - 4) + (1 - -1) - 1
-7
2 + -8 + (-1 - (-25 - -17))
1
Calculate -1 + (-1 - ((-4 - -6) + 4)).
-8
Calculate -6 + 3 + 3 + -3.
-3
What is the value of -5 + 3 + 15 + -15?
-2
What is -15 - (0 - 3) - -21?
9
What is the value of (-5 - (4 + -5)) + -1?
-5
What is -8 - (7 - 15) - (-9 + 1)?
8
Calculate 4 + (7 - (-4 - -16)).
-1
Evaluate 3 + 8 + 0 + 42 + -46.
7
What is -4 - -1 - (159 + -157)?
-5
-2 + -4 - (9 + -10)
-5
What is the value of 2 + -5 + (2 - 0)?
-1
What is -3 - (2 - (1 - -6))?
2
1 + -1 + 52 + -47
5
What is the value of (-4 - (3 + -5)) + 3?
1
What is the value of (-3 + 9 - (6 - -6)) + 1?
-5
What is -2 + 3 + 5 + -5 + 0?
1
(-6 - -3) + (6 - 7)
-4
(-21 + 25 - (-1 - -6)) + -3
-4
What is 3 - 0 - (2 + 9)?
-8
What is the value of (-8 + 2 - -6) + -1 + 1?
0
2 + (2 + -6 - -6)
4
Calculate (-7 - -2) + (-2 - 2) + 8.
-1
-4 + (-2 - (-9 + 4))
-1
What is the value of 16 - (21 + -11) - (-2 + 2)?
6
Calculate -4 - (-5 - -2) - -6.
5
Calculate (-7 - -13) + (-2 - (2 - 2)).
4
What is (0 - (-2 - -5)) + 2 + 7?
6
Evaluate 3 + -4 - 6 - (-6 + 0).
-1
Calculate -1 + 1 + -3 + -1.
-4
What is 6 + -5 + (2 + -3 - -2)?
2
Evaluate (10 - (2 + (0 - 0))) + -4.
4
-11 + (5 - 16 - -26)
4
Calculate -13 + 10 + -1 + 5.
1
Evaluate (-3 - (-1 + 2)) + (-5 - -6).
-3
Evaluate -3 + (-6 + 6 - (2 + -4)).
-1
Evaluate 17 - (-4 - -5 - -7).
9
Evaluate -4 - (3 + 0 + -12).
5
-4 - ((9 - 5) + -6)
-2
What is -2 - (6 - 1) - -1?
-6
Calculate 5 - (7 + -1) - 4.
-5
Evaluate (-2 - -4) + -2 - (2 - 5).
3
What is the value of -4 - (2 - (0 + 0))?
-6
-16 + -9 + 18 - (-9 + -1)
3
Evaluate -2 + -2 - -1 - (-4 - 1).
2
What is the value of -5 - (2 - (4 + 1))?
-2
Evaluate (4 + -5 - (-1 + -2)) + -9.
-7
What is (2 - -5 - 5) + (13 - 13)?
2
6 + 2 + 9 + -10
7
What is (-2 - -2) + 2 - 8?
-6
3 + -6 - (6 + -14 - -9)
-4
Evaluate (1 + -2 - 1) + (17 - 17).
-2
Calculate 0 + -1 + -6 + 13.
6
Evaluate 7 + -2 + -3 + -2.
0
7 + -8 + 3 - 2
0
Calculate -4 - -2 - ((6 - 6) + -5).
3
Calculate (-11 - (10 + -19)) + -6.
-8
What is the value of (1 - 6) + (6 - -1) + -10?
-8
-2 + -2 - (-2 - (-9 + 5))
-6
12 - -2 - (64 - 43)
-7
Calculate -6 + 11 + -8 + -1 + 2.
-2
((1 - 3) + 0 - -9) + -2
5
Calculate -8 + 14 - (2 + 1).
3
Evaluate (0 - ((-4 - -1) + -5)) + -4.
4
Evaluate -14 + 13 + (-1 - (-1 - 1)).
0
What is (-4 - (7 - 3)) + 1 + 2?
-5
What is -5 + 12 - 13 - (-3 - 2)?
-1
Evaluate (-11 - (-7 + 3)) + 1.
-6
What is the value of 1 - (8 + -4 - -1)?
-4
Evaluate (-15 - -10) + (2 - -1).
-2
Calculate -66 + 57 + 8 + -1.
-2
Calculate 3 + 0 + 3 + -2 + -5.
-1
Evaluate -10 + 2 - (25 - 34).
1
Calculate (20 - 21) + (1 - -3).
3
Evaluate -6 - ((-13 - -6) + -4).
5
What is 1 + (2 - 1) - (12 + -10)?
0
7 + 0 + (5 + 3 - 6)
9
Evaluate (1 + 13 - 16) + -1 + 1.
-2
Evaluate 0 + -7 - (-1 + -3).
-3
What is -7 + (9 + 2 - 3)?
1
What is 4 - (0 + 1) - (-3 + 4)?
2
(2 - -2) + -6 + 4
2
Calculate -4 + 2 + -2 - -7.
3
Calculate 5 + -12 - (-2 - 1).
-4
-1 - (5 - 4) - -1
-1
What is 7 + -3 + -1 + (4 - 3)?
4
(-3 - 0) + -1 + 4
0
What is (-1 - (2 + -2)) + -2 + 3?
0
(1 + 2 - 1) + -3
-1
Calculate -1 + 2 - (0 - -1).
0
Calculate 0 + (3 - (15 + -7)).
-5
Calculate -1 + (4 - 2) + (12 - 9).
4
Evaluate 10 + -14 - (-6 + 1 - -3).
-2
What is the value of -26 + 16 + (0 + -3 - -5)?
-8
Calculate (-6 - -5) + (-2 - 1).
-4
What is the value of -7 - (7 + 2 + -9)?
-7
-2 - (-2 + (-1 - -2))
-1
What is 61 - 62 - (-5 + -1)?
5
3 - (10 - (-1 - -11))
3
What is the value of -4 + -6 - (-14 - -3)?
1
What is the value of -6 + (4 - 5 - -1) - -10?
4
-3 + 2 + 2 + 0 + -4
-3
(-1 - (0 - 2) - -2) + 0
3
Evaluate -1 - -4 - (11 + -11 + -4).
7
Evaluate 2 + (-2 - (-1 + 1)).
0
Calculate 1 + -10 - (48 + -59).
2
Evaluate 1 + -9 + 0 - -8.
0
What is -2 + (-13 - -10) - (-2 - 1)?
-2
Evaluate 2 - ((-1 + -5 - -1) + 2).
5
Calculate (-12 - -8) + (1 + 3 - -2).
2
What is (-1 - -4) + 11 + -1 + -12?
1
Calculate (-7 - -1) + 2 + 6 + -2.
0
-2 + -3 - (5 - 5)
-5
-2 + (2 - 5) + 1 - -5
1
2 - ((5 - 2) + -1) - 5
-5
Calculate -2 + (0 + 2 - 5).
-5
Calculate -6 + 3 + -7 + 1 + 8.
-1
Calculate -5 + (19 - 6 - 6).
2
Evaluate 0 + (3 - (-5 + 9)) - -1.
0
Calculate 7 + (-3 - (0 + -6) - 5).
5
What is the value of -7 - (-16 + 0 - -5)?
4
What is 2 + -10 - -12 - 2?
2
(54 - 63) + (4 - 0 - 0)
-5
Evaluate 33 + -30 - (2 - (0 - 2)).
-1
What is 3 - 2 - (-1 + 0)?
2
Calculate 1 - ((-1 - -4) + -3) - -2.
3
What is 7 + -14 + 7 + -4 + 1?
-3
Evaluate 3 - (-4 - (-5 - 1)).
1
Evaluate -1 - (-1 - (0 - -1)) - 0.
1
Calculate 0 + -3 + (-60 - -60).
-3
What is the value of -6 - -5 - -5 - 3?
1
Calculate -2 + 0 - -4 - 2.
0
What is the value of 0 - (7 + -18 + 7)?
4
Evaluate 1 + 1 + 1 + -3 + 2.
2
Calculate -1 - (-4 - -6) - -2.
-1
What is the value of 1 - 3 - (-76 + 81)?
-7
What is -2 - ((-11 - -6) + 0)?
3
What is the value of 3 + (0 + -9 - -3)?
-3
Calculate 1 - (-2 - ((-5 - -4) + -1)).
1
What is the value of 4 - (4 + 0) - -2?
2
2 + 3 - (0 - -3)
2
What is 3 + (0 - (0 + 0)) + -7?
-4
What is -5 - -16 - (0 - -2)?
9
-6 + 1 - (-5 - 4)
4
What is (-1 - -3) + (-4 - 1)?
-3
What is the value of (-7 - 1) + (0 - -3)?
-5
Evaluate 2 - (8 - 4) - (0 - -4).
-6
Evaluate (-2 - -4) + -6 + 8 + 2.
6
What is 1 + 6 + (-36 - -37)?
8
(137 - 134) + (0 + -1 - 3)
-1
What is the value of 0 + 3 + -27 + 10 + 16?
2
12 + 0 + (166 - 174)
4
Calculate -1 - -4 - 3 - (-2 + -3).
5
What is the value of (-1 - (4 + -9 - -6)) + -4?
-6
What is 8 - (4 + 2 + -4)?
6
What is (-10 - (7 + -13)) + -2?
-6
What is 0 + (0 + -10 - (-59 - -51))?
-2
-1 + -2 + 1 - -2
0
Evaluate 258 + -264 - (-6 + 1 - 0).
-1
Evaluate (-3 - (4 - 3)) + 5.
1
What is the value of -1 - -7 - (-20 - -10 - -11)?
5
What is (-2 - -2) + 3 - -1?
4
2 - (4 + -4) - 7
-5
Calculate -2 - (-7 + (6 - 2)).
1
Evaluate (-1 - (-2 - -2)) + (-9 - 1).
-11
Calculate 3 + -5 - 3 - -8.
3
What is 0 - 1 - -4 - -1?
4
What is (-77 - -82) + (4 - (-1 - -2))?
8
0 + 2 + -1 + -5
-4
What is the value of ((4 - -3) + -3 - 6) + 5?
3
What is 2 - (-2 + -4 + 3)?
5
Calculate 4 + (6 - 3 - 7).
0
Evaluate 2 - -3 - (1 + 0 + -1).
5
2 + 2 + (11 - (1 + 10))
4
What is the value of 4 + -2 - (-4 + 9) - -2?
-1
0 - (4 + -2 + 2)
-4
What is the valu